{"id":35718,"date":"2024-09-29T10:51:06","date_gmt":"2024-09-29T08:51:06","guid":{"rendered":"https:\/\/tejasborja.com\/proyecto\/up48-el-refugio\/"},"modified":"2024-11-05T23:29:25","modified_gmt":"2024-11-05T22:29:25","slug":"up48-el-refugio","status":"publish","type":"proyecto","link":"https:\/\/tejasborja.com\/fr\/projet\/up48-el-refugio\/","title":{"rendered":"Tuile canal &#8211; UP48. El Refugio"},"content":{"rendered":"\n<p>Sur les panneaux BORJATHERM a \u00e9t\u00e9 install\u00e9e une toiture offrant l\u2019aspect d\u2019un toit majorquin traditionnel, compos\u00e9 de la\u00a0<a href=\"https:\/\/tejasborja.com\/fr\/tuile\/c50-21-celler-borjablanc\/\">tuile canal C-50.21 Paille Jaspeada<\/a>.<\/p>\n\n\n\n<p>[<a href=\"https:\/\/tejasborja.com\/fr\/projet-remarquable-up48-el-refugio\/\">voir plus d&rsquo;info<\/a>]<\/p>\n\n\n\n<ul class=\"wp-block-list\">\n<li><strong>Projet:<\/strong> UP48. El Refugio.<\/li>\n\n\n\n<li><strong>Architecte:<\/strong> <a href=\"http:\/\/www.ubiko.es\">Ubiko<\/a> \/ Viraje Arquitectura.<\/li>\n\n\n\n<li><strong>Surface construite (m2): <\/strong>470.9 m\u00b2.<\/li>\n\n\n\n<li><strong>Photographe: <\/strong><a href=\"https:\/\/germancabo.com\/\">German Cabo<\/a>.<\/li>\n<\/ul>\n\n\n\n<p>Le projet a particip\u00e9 au Prix \u200b\u200bd&rsquo;architecture en tuiles 2019 \u2013 2021, sous le slogan\u00a0\u201c<strong>El Refugio<\/strong>\u201d.<\/p>\n\n\n\n<figure class=\"wp-block-image size-full\"><img decoding=\"async\" width=\"768\" height=\"494\" data-src=\"https:\/\/tejasborja.com\/wp-content\/uploads\/2024\/10\/El_Refugio_Tejas-Borja-9.jpg\" alt=\"UP48. El Refugio\" class=\"wp-image-10804 lazyload\" data-srcset=\"https:\/\/tejasborja.com\/wp-content\/uploads\/2024\/10\/El_Refugio_Tejas-Borja-9.jpg 768w, https:\/\/tejasborja.com\/wp-content\/uploads\/2024\/10\/El_Refugio_Tejas-Borja-9-300x193.jpg 300w\" data-sizes=\"(max-width: 768px) 100vw, 768px\" src=\"data:image\/svg+xml;base64,PHN2ZyB3aWR0aD0iMSIgaGVpZ2h0PSIxIiB4bWxucz0iaHR0cDovL3d3dy53My5vcmcvMjAwMC9zdmciPjwvc3ZnPg==\" style=\"--smush-placeholder-width: 768px; --smush-placeholder-aspect-ratio: 768\/494;\" \/><figcaption class=\"wp-element-caption\">UP48. El Refugio<\/figcaption><\/figure>\n","protected":false},"featured_media":10829,"template":"","meta":{"_acf_changed":false,"_eb_attr":""},"proyecto-categoria":[450],"proyecto-pais":[454],"proyecto-tipo":[641],"class_list":["post-35718","proyecto","type-proyecto","status-publish","has-post-thumbnail","hentry","proyecto-categoria-nouvelles-constructions","proyecto-pais-espagne","proyecto-tipo-edifice-residentiel"],"acf":[],"yoast_head":"<!-- This site is optimized with the Yoast SEO plugin v27.3 - https:\/\/yoast.com\/product\/yoast-seo-wordpress\/ -->\n<title>Tuile canal - UP48. El Refugio - Tejas Borja<\/title>\n<meta name=\"robots\" content=\"index, follow, max-snippet:-1, max-image-preview:large, max-video-preview:-1\" \/>\n<link rel=\"canonical\" href=\"https:\/\/tejasborja.com\/fr\/projet\/up48-el-refugio\/\" \/>\n<meta property=\"og:locale\" content=\"fr_FR\" \/>\n<meta property=\"og:type\" content=\"article\" \/>\n<meta property=\"og:title\" content=\"Tuile canal - UP48. El Refugio - Tejas Borja\" \/>\n<meta property=\"og:description\" content=\"Sur les panneaux BORJATHERM a \u00e9t\u00e9 install\u00e9e une toiture offrant l\u2019aspect d\u2019un toit majorquin traditionnel, compos\u00e9 de la\u00a0tuile canal C-50.21 Paille Jaspeada. [voir plus d&rsquo;info] Le projet a particip\u00e9 au Prix \u200b\u200bd&rsquo;architecture en tuiles 2019 \u2013 2021, sous le slogan\u00a0\u201cEl Refugio\u201d.\" \/>\n<meta property=\"og:url\" content=\"https:\/\/tejasborja.com\/fr\/projet\/up48-el-refugio\/\" \/>\n<meta property=\"og:site_name\" content=\"Tejas Borja\" \/>\n<meta property=\"article:modified_time\" content=\"2024-11-05T22:29:25+00:00\" \/>\n<meta property=\"og:image\" content=\"https:\/\/tejasborja.com\/wp-content\/uploads\/2024\/10\/UP48_Viraje_GermanCabo_TejasBorja.jpg\" \/>\n\t<meta property=\"og:image:width\" content=\"768\" \/>\n\t<meta property=\"og:image:height\" content=\"512\" \/>\n\t<meta property=\"og:image:type\" content=\"image\/jpeg\" \/>\n<meta name=\"twitter:card\" content=\"summary_large_image\" \/>\n<script type=\"application\/ld+json\" class=\"yoast-schema-graph\">{\"@context\":\"https:\\\/\\\/schema.org\",\"@graph\":[{\"@type\":\"WebPage\",\"@id\":\"https:\\\/\\\/tejasborja.com\\\/fr\\\/projet\\\/up48-el-refugio\\\/\",\"url\":\"https:\\\/\\\/tejasborja.com\\\/fr\\\/projet\\\/up48-el-refugio\\\/\",\"name\":\"Tuile canal - UP48. El Refugio - Tejas Borja\",\"isPartOf\":{\"@id\":\"https:\\\/\\\/tejasborja.com\\\/fr\\\/#website\"},\"primaryImageOfPage\":{\"@id\":\"https:\\\/\\\/tejasborja.com\\\/fr\\\/projet\\\/up48-el-refugio\\\/#primaryimage\"},\"image\":{\"@id\":\"https:\\\/\\\/tejasborja.com\\\/fr\\\/projet\\\/up48-el-refugio\\\/#primaryimage\"},\"thumbnailUrl\":\"https:\\\/\\\/tejasborja.com\\\/wp-content\\\/uploads\\\/2024\\\/10\\\/UP48_Viraje_GermanCabo_TejasBorja.jpg\",\"datePublished\":\"2024-09-29T08:51:06+00:00\",\"dateModified\":\"2024-11-05T22:29:25+00:00\",\"breadcrumb\":{\"@id\":\"https:\\\/\\\/tejasborja.com\\\/fr\\\/projet\\\/up48-el-refugio\\\/#breadcrumb\"},\"inLanguage\":\"fr-FR\",\"potentialAction\":[{\"@type\":\"ReadAction\",\"target\":[\"https:\\\/\\\/tejasborja.com\\\/fr\\\/projet\\\/up48-el-refugio\\\/\"]}]},{\"@type\":\"ImageObject\",\"inLanguage\":\"fr-FR\",\"@id\":\"https:\\\/\\\/tejasborja.com\\\/fr\\\/projet\\\/up48-el-refugio\\\/#primaryimage\",\"url\":\"https:\\\/\\\/tejasborja.com\\\/wp-content\\\/uploads\\\/2024\\\/10\\\/UP48_Viraje_GermanCabo_TejasBorja.jpg\",\"contentUrl\":\"https:\\\/\\\/tejasborja.com\\\/wp-content\\\/uploads\\\/2024\\\/10\\\/UP48_Viraje_GermanCabo_TejasBorja.jpg\",\"width\":768,\"height\":512,\"caption\":\"UP48. El Refugio\"},{\"@type\":\"BreadcrumbList\",\"@id\":\"https:\\\/\\\/tejasborja.com\\\/fr\\\/projet\\\/up48-el-refugio\\\/#breadcrumb\",\"itemListElement\":[{\"@type\":\"ListItem\",\"position\":1,\"name\":\"Portada\",\"item\":\"https:\\\/\\\/tejasborja.com\\\/fr\\\/\"},{\"@type\":\"ListItem\",\"position\":2,\"name\":\"Tuile canal &#8211; UP48. El Refugio\"}]},{\"@type\":\"WebSite\",\"@id\":\"https:\\\/\\\/tejasborja.com\\\/fr\\\/#website\",\"url\":\"https:\\\/\\\/tejasborja.com\\\/fr\\\/\",\"name\":\"Tejas Borja\",\"description\":\"TEJAS BORJA la gama m\u00e1s amplia de tejas cer\u00e1micas del mercado. Especialistas en tejas mixtas, tejas planas y tejas curvas tanto para rehabilitaci\u00f3n de cubiertas como para tejados de obra nueva. Una marca con m\u00e1s de 110 a\u00f1os de experiencia....\",\"publisher\":{\"@id\":\"https:\\\/\\\/tejasborja.com\\\/fr\\\/#organization\"},\"potentialAction\":[{\"@type\":\"SearchAction\",\"target\":{\"@type\":\"EntryPoint\",\"urlTemplate\":\"https:\\\/\\\/tejasborja.com\\\/fr\\\/?s={search_term_string}\"},\"query-input\":{\"@type\":\"PropertyValueSpecification\",\"valueRequired\":true,\"valueName\":\"search_term_string\"}}],\"inLanguage\":\"fr-FR\"},{\"@type\":\"Organization\",\"@id\":\"https:\\\/\\\/tejasborja.com\\\/fr\\\/#organization\",\"name\":\"Tejas Borja\",\"url\":\"https:\\\/\\\/tejasborja.com\\\/fr\\\/\",\"logo\":{\"@type\":\"ImageObject\",\"inLanguage\":\"fr-FR\",\"@id\":\"https:\\\/\\\/tejasborja.com\\\/fr\\\/#\\\/schema\\\/logo\\\/image\\\/\",\"url\":\"https:\\\/\\\/tejasborja.com\\\/wp-content\\\/uploads\\\/2025\\\/08\\\/Logo-Tejas-Borja-Blanco-1.png\",\"contentUrl\":\"https:\\\/\\\/tejasborja.com\\\/wp-content\\\/uploads\\\/2025\\\/08\\\/Logo-Tejas-Borja-Blanco-1.png\",\"width\":150,\"height\":50,\"caption\":\"Tejas Borja\"},\"image\":{\"@id\":\"https:\\\/\\\/tejasborja.com\\\/fr\\\/#\\\/schema\\\/logo\\\/image\\\/\"}}]}<\/script>\n<!-- \/ Yoast SEO plugin. -->","yoast_head_json":{"title":"Tuile canal - UP48. El Refugio - Tejas Borja","robots":{"index":"index","follow":"follow","max-snippet":"max-snippet:-1","max-image-preview":"max-image-preview:large","max-video-preview":"max-video-preview:-1"},"canonical":"https:\/\/tejasborja.com\/fr\/projet\/up48-el-refugio\/","og_locale":"fr_FR","og_type":"article","og_title":"Tuile canal - UP48. El Refugio - Tejas Borja","og_description":"Sur les panneaux BORJATHERM a \u00e9t\u00e9 install\u00e9e une toiture offrant l\u2019aspect d\u2019un toit majorquin traditionnel, compos\u00e9 de la\u00a0tuile canal C-50.21 Paille Jaspeada. [voir plus d&rsquo;info] Le projet a particip\u00e9 au Prix \u200b\u200bd&rsquo;architecture en tuiles 2019 \u2013 2021, sous le slogan\u00a0\u201cEl Refugio\u201d.","og_url":"https:\/\/tejasborja.com\/fr\/projet\/up48-el-refugio\/","og_site_name":"Tejas Borja","article_modified_time":"2024-11-05T22:29:25+00:00","og_image":[{"width":768,"height":512,"url":"https:\/\/tejasborja.com\/wp-content\/uploads\/2024\/10\/UP48_Viraje_GermanCabo_TejasBorja.jpg","type":"image\/jpeg"}],"twitter_card":"summary_large_image","schema":{"@context":"https:\/\/schema.org","@graph":[{"@type":"WebPage","@id":"https:\/\/tejasborja.com\/fr\/projet\/up48-el-refugio\/","url":"https:\/\/tejasborja.com\/fr\/projet\/up48-el-refugio\/","name":"Tuile canal - UP48. El Refugio - Tejas Borja","isPartOf":{"@id":"https:\/\/tejasborja.com\/fr\/#website"},"primaryImageOfPage":{"@id":"https:\/\/tejasborja.com\/fr\/projet\/up48-el-refugio\/#primaryimage"},"image":{"@id":"https:\/\/tejasborja.com\/fr\/projet\/up48-el-refugio\/#primaryimage"},"thumbnailUrl":"https:\/\/tejasborja.com\/wp-content\/uploads\/2024\/10\/UP48_Viraje_GermanCabo_TejasBorja.jpg","datePublished":"2024-09-29T08:51:06+00:00","dateModified":"2024-11-05T22:29:25+00:00","breadcrumb":{"@id":"https:\/\/tejasborja.com\/fr\/projet\/up48-el-refugio\/#breadcrumb"},"inLanguage":"fr-FR","potentialAction":[{"@type":"ReadAction","target":["https:\/\/tejasborja.com\/fr\/projet\/up48-el-refugio\/"]}]},{"@type":"ImageObject","inLanguage":"fr-FR","@id":"https:\/\/tejasborja.com\/fr\/projet\/up48-el-refugio\/#primaryimage","url":"https:\/\/tejasborja.com\/wp-content\/uploads\/2024\/10\/UP48_Viraje_GermanCabo_TejasBorja.jpg","contentUrl":"https:\/\/tejasborja.com\/wp-content\/uploads\/2024\/10\/UP48_Viraje_GermanCabo_TejasBorja.jpg","width":768,"height":512,"caption":"UP48. El Refugio"},{"@type":"BreadcrumbList","@id":"https:\/\/tejasborja.com\/fr\/projet\/up48-el-refugio\/#breadcrumb","itemListElement":[{"@type":"ListItem","position":1,"name":"Portada","item":"https:\/\/tejasborja.com\/fr\/"},{"@type":"ListItem","position":2,"name":"Tuile canal &#8211; UP48. El Refugio"}]},{"@type":"WebSite","@id":"https:\/\/tejasborja.com\/fr\/#website","url":"https:\/\/tejasborja.com\/fr\/","name":"Tejas Borja","description":"TEJAS BORJA la gama m\u00e1s amplia de tejas cer\u00e1micas del mercado. Especialistas en tejas mixtas, tejas planas y tejas curvas tanto para rehabilitaci\u00f3n de cubiertas como para tejados de obra nueva. Una marca con m\u00e1s de 110 a\u00f1os de experiencia....","publisher":{"@id":"https:\/\/tejasborja.com\/fr\/#organization"},"potentialAction":[{"@type":"SearchAction","target":{"@type":"EntryPoint","urlTemplate":"https:\/\/tejasborja.com\/fr\/?s={search_term_string}"},"query-input":{"@type":"PropertyValueSpecification","valueRequired":true,"valueName":"search_term_string"}}],"inLanguage":"fr-FR"},{"@type":"Organization","@id":"https:\/\/tejasborja.com\/fr\/#organization","name":"Tejas Borja","url":"https:\/\/tejasborja.com\/fr\/","logo":{"@type":"ImageObject","inLanguage":"fr-FR","@id":"https:\/\/tejasborja.com\/fr\/#\/schema\/logo\/image\/","url":"https:\/\/tejasborja.com\/wp-content\/uploads\/2025\/08\/Logo-Tejas-Borja-Blanco-1.png","contentUrl":"https:\/\/tejasborja.com\/wp-content\/uploads\/2025\/08\/Logo-Tejas-Borja-Blanco-1.png","width":150,"height":50,"caption":"Tejas Borja"},"image":{"@id":"https:\/\/tejasborja.com\/fr\/#\/schema\/logo\/image\/"}}]}},"_links":{"self":[{"href":"https:\/\/tejasborja.com\/fr\/wp-json\/wp\/v2\/proyecto\/35718","targetHints":{"allow":["GET"]}}],"collection":[{"href":"https:\/\/tejasborja.com\/fr\/wp-json\/wp\/v2\/proyecto"}],"about":[{"href":"https:\/\/tejasborja.com\/fr\/wp-json\/wp\/v2\/types\/proyecto"}],"wp:featuredmedia":[{"embeddable":true,"href":"https:\/\/tejasborja.com\/fr\/wp-json\/wp\/v2\/media\/10829"}],"wp:attachment":[{"href":"https:\/\/tejasborja.com\/fr\/wp-json\/wp\/v2\/media?parent=35718"}],"wp:term":[{"taxonomy":"proyecto-categoria","embeddable":true,"href":"https:\/\/tejasborja.com\/fr\/wp-json\/wp\/v2\/proyecto-categoria?post=35718"},{"taxonomy":"proyecto-pais","embeddable":true,"href":"https:\/\/tejasborja.com\/fr\/wp-json\/wp\/v2\/proyecto-pais?post=35718"},{"taxonomy":"proyecto-tipo","embeddable":true,"href":"https:\/\/tejasborja.com\/fr\/wp-json\/wp\/v2\/proyecto-tipo?post=35718"}],"curies":[{"name":"wp","href":"https:\/\/api.w.org\/{rel}","templated":true}]}}

<p>Sur les panneaux BORJATHERM a été installée une toiture offrant l’aspect d’un toit majorquin traditionnel, composé de la <a href="https://tejasborja.com/fr/tuile/c50-21-celler-borjablanc/">tuile canal C-50.21 Paille Jaspeada</a>.</p>



<p>[<a href="https://tejasborja.com/fr/projet-remarquable-up48-el-refugio/">voir plus d&rsquo;info</a>]</p>



<ul class="wp-block-list">
<li><strong>Projet:</strong> UP48. El Refugio.</li>



<li><strong>Architecte:</strong> <a href="http://www.ubiko.es">Ubiko</a> / Viraje Arquitectura.</li>



<li><strong>Surface construite (m2): </strong>470.9 m².</li>



<li><strong>Photographe: </strong><a href="https://germancabo.com/">German Cabo</a>.</li>
</ul>



<p>Le projet a participé au Prix ​​d&rsquo;architecture en tuiles 2019 – 2021, sous le slogan “<strong>El Refugio</strong>”.</p>



<figure class="wp-block-image size-full"><img decoding="async" width="768" height="494" data-src="https://tejasborja.com/wp-content/uploads/2024/10/El_Refugio_Tejas-Borja-9.jpg" alt="UP48. El Refugio" class="wp-image-10804 lazyload" data-srcset="https://tejasborja.com/wp-content/uploads/2024/10/El_Refugio_Tejas-Borja-9.jpg 768w, https://tejasborja.com/wp-content/uploads/2024/10/El_Refugio_Tejas-Borja-9-300x193.jpg 300w" data-sizes="(max-width: 768px) 100vw, 768px" src="data:image/svg+xml;base64,PHN2ZyB3aWR0aD0iMSIgaGVpZ2h0PSIxIiB4bWxucz0iaHR0cDovL3d3dy53My5vcmcvMjAwMC9zdmciPjwvc3ZnPg==" style="--smush-placeholder-width: 768px; --smush-placeholder-aspect-ratio: 768/494;" /><figcaption class="wp-element-caption">UP48. El Refugio</figcaption></figure>

<!-- This site is optimized with the Yoast SEO plugin v27.3 - https://yoast.com/product/yoast-seo-wordpress/ -->
<title>Tuile canal - UP48. El Refugio - Tejas Borja</title>
<meta name="robots" content="index, follow, max-snippet:-1, max-image-preview:large, max-video-preview:-1" />
<link rel="canonical" href="https://tejasborja.com/fr/projet/up48-el-refugio/" />
<meta property="og:locale" content="fr_FR" />
<meta property="og:type" content="article" />
<meta property="og:title" content="Tuile canal - UP48. El Refugio - Tejas Borja" />
<meta property="og:description" content="Sur les panneaux BORJATHERM a été installée une toiture offrant l’aspect d’un toit majorquin traditionnel, composé de la tuile canal C-50.21 Paille Jaspeada. [voir plus d&rsquo;info] Le projet a participé au Prix ​​d&rsquo;architecture en tuiles 2019 – 2021, sous le slogan “El Refugio”." />
<meta property="og:url" content="https://tejasborja.com/fr/projet/up48-el-refugio/" />
<meta property="og:site_name" content="Tejas Borja" />
<meta property="article:modified_time" content="2024-11-05T22:29:25+00:00" />
<meta property="og:image" content="https://tejasborja.com/wp-content/uploads/2024/10/UP48_Viraje_GermanCabo_TejasBorja.jpg" />
	<meta property="og:image:width" content="768" />
	<meta property="og:image:height" content="512" />
	<meta property="og:image:type" content="image/jpeg" />
<meta name="twitter:card" content="summary_large_image" />
<script type="application/ld+json" class="yoast-schema-graph">{"@context":"https:\/\/schema.org","@graph":[{"@type":"WebPage","@id":"https:\/\/tejasborja.com\/fr\/projet\/up48-el-refugio\/","url":"https:\/\/tejasborja.com\/fr\/projet\/up48-el-refugio\/","name":"Tuile canal - UP48. El Refugio - Tejas Borja","isPartOf":{"@id":"https:\/\/tejasborja.com\/fr\/#website"},"primaryImageOfPage":{"@id":"https:\/\/tejasborja.com\/fr\/projet\/up48-el-refugio\/#primaryimage"},"image":{"@id":"https:\/\/tejasborja.com\/fr\/projet\/up48-el-refugio\/#primaryimage"},"thumbnailUrl":"https:\/\/tejasborja.com\/wp-content\/uploads\/2024\/10\/UP48_Viraje_GermanCabo_TejasBorja.jpg","datePublished":"2024-09-29T08:51:06+00:00","dateModified":"2024-11-05T22:29:25+00:00","breadcrumb":{"@id":"https:\/\/tejasborja.com\/fr\/projet\/up48-el-refugio\/#breadcrumb"},"inLanguage":"fr-FR","potentialAction":[{"@type":"ReadAction","target":["https:\/\/tejasborja.com\/fr\/projet\/up48-el-refugio\/"]}]},{"@type":"ImageObject","inLanguage":"fr-FR","@id":"https:\/\/tejasborja.com\/fr\/projet\/up48-el-refugio\/#primaryimage","url":"https:\/\/tejasborja.com\/wp-content\/uploads\/2024\/10\/UP48_Viraje_GermanCabo_TejasBorja.jpg","contentUrl":"https:\/\/tejasborja.com\/wp-content\/uploads\/2024\/10\/UP48_Viraje_GermanCabo_TejasBorja.jpg","width":768,"height":512,"caption":"UP48. El Refugio"},{"@type":"BreadcrumbList","@id":"https:\/\/tejasborja.com\/fr\/projet\/up48-el-refugio\/#breadcrumb","itemListElement":[{"@type":"ListItem","position":1,"name":"Portada","item":"https:\/\/tejasborja.com\/fr\/"},{"@type":"ListItem","position":2,"name":"Tuile canal &#8211; UP48. El Refugio"}]},{"@type":"WebSite","@id":"https:\/\/tejasborja.com\/fr\/#website","url":"https:\/\/tejasborja.com\/fr\/","name":"Tejas Borja","description":"TEJAS BORJA la gama más amplia de tejas cerámicas del mercado. Especialistas en tejas mixtas, tejas planas y tejas curvas tanto para rehabilitación de cubiertas como para tejados de obra nueva. Una marca con más de 110 años de experiencia....","publisher":{"@id":"https:\/\/tejasborja.com\/fr\/#organization"},"potentialAction":[{"@type":"SearchAction","target":{"@type":"EntryPoint","urlTemplate":"https:\/\/tejasborja.com\/fr\/?s={search_term_string}"},"query-input":{"@type":"PropertyValueSpecification","valueRequired":true,"valueName":"search_term_string"}}],"inLanguage":"fr-FR"},{"@type":"Organization","@id":"https:\/\/tejasborja.com\/fr\/#organization","name":"Tejas Borja","url":"https:\/\/tejasborja.com\/fr\/","logo":{"@type":"ImageObject","inLanguage":"fr-FR","@id":"https:\/\/tejasborja.com\/fr\/#\/schema\/logo\/image\/","url":"https:\/\/tejasborja.com\/wp-content\/uploads\/2025\/08\/Logo-Tejas-Borja-Blanco-1.png","contentUrl":"https:\/\/tejasborja.com\/wp-content\/uploads\/2025\/08\/Logo-Tejas-Borja-Blanco-1.png","width":150,"height":50,"caption":"Tejas Borja"},"image":{"@id":"https:\/\/tejasborja.com\/fr\/#\/schema\/logo\/image\/"}}]}</script>
<!-- / Yoast SEO plugin. -->

Sur les panneaux BORJATHERM a été installée une toiture offrant l’aspect d’un toit majorquin traditionnel, composé de la tuile canal C-50.21 Paille Jaspeada. [voir plus d&rsquo;info] Le projet a participé au Prix ​​d&rsquo;architecture en tuiles 2019 – 2021, sous le slogan “El Refugio”.

TEJAS BORJA la gama más amplia de tejas cerámicas del mercado. Especialistas en tejas mixtas, tejas planas y tejas curvas tanto para rehabilitación de cubiertas como para tejados de obra nueva. Una marca con más de 110 años de experiencia....
